89
List the prime factors of 1183814.
2, 19, 31153
What are the prime factors of 1233466?
2, 13, 47441
What are the prime factors of 1396169?
23, 60703
What are the prime factors of 24466616?
2, 79, 38713
What are the prime factors of 761517?
3, 191, 443
What are the prime factors of 567011?
567011
What are the prime factors of 4060793?
11, 59, 6257
List the prime factors of 286375.
5, 29, 79
List the prime factors of 36984.
2, 3, 23, 67
What are the prime factors of 191998?
2, 17, 5647
List the prime factors of 125899.
125899
What are the prime factors of 473642?
2, 13, 18217
What are the prime factors of 3408272?
2, 7, 30431
What are the prime factors of 9582705?
3, 5, 11, 239
List the prime factors of 6290678.
2, 3145339
What are the prime factors of 75585?
3, 5, 5039
What are the prime factors of 8642105?
5, 73, 23677
What are the prime factors of 229880?
2, 5, 7, 821
What are the prime factors of 2172988?
2, 239, 2273
What are the prime factors of 11248767?
3, 416621
List the prime factors of 22872182.
2, 887, 12893
List the prime factors of 3318405.
3, 5, 221227
List the prime factors of 27987885.
3, 5, 31, 20063
List the prime factors of 142874.
2, 71437
What are the prime factors of 175277?
175277
List the prime factors of 506675.
5, 13, 1559
List the prime factors of 9616559.
37, 259907
What are the prime factors of 1250034?
2, 3, 157, 1327
What are the prime factors of 35015?
5, 47, 149
List the prime factors of 130355.
5, 29, 31
What are the prime factors of 16920280?
2, 5, 13, 2503
List the prime factors of 88529.
7, 12647
What are the prime factors of 13368766?
2, 17, 37, 10627
What are the prime factors of 1324588?
2, 331147
List the prime factors of 9848476.
2, 11, 223829
What are the prime factors of 7139573?
7, 19, 53681
List the prime factors of 1853232.
2, 3, 38609
What are the prime factors of 21041118?
2, 3, 7, 41, 4073
What are the prime factors of 33836?
2, 11, 769
List the prime factors of 2451788.
2, 612947
List the prime factors of 825648.
2, 3, 103, 167
List the prime factors of 946623.
3, 97, 3253
List the prime factors of 420328.
2, 52541
What are the prime factors of 9479462?
2, 29, 353, 463
What are the prime factors of 254304?
2, 3, 883
List the prime factors of 5956678.
2, 7, 13, 23, 1423
List the prime factors of 4529907.
3, 47, 10709
What are the prime factors of 2299?
11, 19
What are the prime factors of 1248607?
431, 2897
What are the prime factors of 7082348?
2, 7, 13, 19457
List the prime factors of 7067463.
3, 13, 23, 7879
List the prime factors of 643631.
59, 10909
What are the prime factors of 6546598?
2, 17, 192547
List the prime factors of 717142.
2, 358571
What are the prime factors of 19337228?
2, 17, 199, 1429
List the prime factors of 736115.
5, 23, 37, 173
List the prime factors of 5013845.
5, 1002769
What are the prime factors of 300680?
2, 5, 7517
What are the prime factors of 1665593?
461, 3613
List the prime factors of 3720440.
2, 5, 281, 331
List the prime factors of 6378666.
2, 3, 7, 29, 5237
What are the prime factors of 140566?
2, 67, 1049
What are the prime factors of 6245460?
2, 3, 5, 13, 17, 157
List the prime factors of 4676786.
2, 653, 3581
List the prime factors of 2152272.
2, 3, 44839
What are the prime factors of 24756759?
3, 305639
What are the prime factors of 1089026?
2, 544513
List the prime factors of 1670626.
2, 835313
List the prime factors of 14878551.
3, 37, 311, 431
List the prime factors of 50395.
5, 10079
List the prime factors of 1351955.
5, 11, 47, 523
List the prime factors of 7548745.
5, 1509749
List the prime factors of 234262.
2, 7, 29, 577
What are the prime factors of 6828537?
3, 2276179
What are the prime factors of 11769645?
3, 5, 19, 61, 677
What are the prime factors of 4426548?
2, 3, 7, 52697
What are the prime factors of 214930?
2, 5, 21493
What are the prime factors of 184182?
2, 3, 30697
List the prime factors of 2264259.
3, 61, 12373
What are the prime factors of 737270?
2, 5, 73727
List the prime factors of 2420542.
2, 31, 39041
List the prime factors of 3017851.
3017851
What are the prime factors of 9471388?
2, 59, 67, 599
List the prime factors of 3464368.
2, 216523
List the prime factors of 219226.
2, 7, 2237
What are the prime factors of 3614709?
3, 7, 43, 4003
What are the prime factors of 3592824?
2, 3, 19, 7879
List the prime factors of 234396.
2, 3, 17, 383
List the prime factors of 7694478.
2, 3, 11, 38861
What are the prime factors of 3501098?
2, 1750549
List the prime factors of 5250423.
3, 1750141
What are the prime factors of 251466?
2, 3, 41911
What are the prime factors of 93095?
5, 43, 433
List the prime factors of 1201384.
2, 263, 571
List the prime factors of 51203.
51203
What are the prime factors of 21272?
2, 2659
List the prime factors of 3651658.
2, 1825829
List the prime factors of 252154.
2, 7, 31, 83
What are the prime factors of 8467583?
8467583
What are the prime factors of 2987786?
2, 199, 7507
What are the prime factors of 1086418?
2, 41, 13249
List the prime factors of 14324056.
2, 1790507
List the prime factors of 239969.
317, 757
List the prime factors of 35237345.
5, 11, 13, 17, 223
List the prime factors of 737165.
5, 11, 13, 1031
What are the prime factors of 19565690?
2, 5, 1213, 1613
What are the prime factors of 12155332?
2, 7, 62017
What are the prime factors of 8150860?
2, 5, 127, 3209
What are the prime factors of 165578?
2, 7, 11827
What are the prime factors of 333077?
251, 1327
List the prime factors of 1355417.
7, 227, 853
List the prime factors of 556179.
3, 13, 1097
List the prime factors of 158831.
17, 9343
What are the prime factors of 6782135?
5, 1356427
What are the prime factors of 4673308?
2, 1168327
What are the prime factors of 884252?
2, 43, 53, 97
What are the prime factors of 415581?
3, 83, 1669
What are the prime factors of 1551876?
2, 3, 79, 1637
What are the prime factors of 321013?
7, 11, 379
List the prime factors of 22556386.
2, 2909, 3877
List the prime factors of 9189985.
5, 7, 139, 1889
What are the prime factors of 198796?
2, 13, 3823
What are the prime factors of 658218?
2, 3, 11, 9973
What are the prime factors of 7845533?
863, 9091
List the prime factors of 86075.
5, 11, 313
What are the prime factors of 688536?
2, 3, 73, 131
What are the prime factors of 430026?
2, 3, 71671
List the prime factors of 3101136.
2, 3, 23, 53
List the prime factors of 553526.
2, 276763
List the prime factors of 473478.
2, 3, 23, 47, 73
What are the prime factors of 942043?
942043
What are the prime factors of 188869?
188869
What are the prime factors of 260374?
2, 211, 617
List the prime factors of 228419.
228419
List the prime factors of 21336572.
2, 5334143
List the prime factors of 6212172.
2, 3, 487, 1063
What are the prime factors of 308891?
11, 28081
List the prime factors of 327602.
2, 11, 14891
What are the prime factors of 24211?
11, 31, 71
List the prime factors of 20313.
3, 37, 61
List the prime factors of 365937.
3, 11, 13, 853
What are the prime factors of 129445?
5, 25889
What are the prime factors of 224490?
2, 3, 5, 7, 1069
List the prime factors of 6813.
3, 757
What are the prime factors of 71208?
2, 3, 23, 43
What are the prime factors of 1012912?
2, 29, 37, 59
List the prime factors of 381268.
2, 95317
What are the prime factors of 4019745?
3, 5, 73, 3671
What are the prime factors of 278066?
2, 139033
List the prime factors of 175264.
2, 5477
What are the prime factors of 3808443?
3, 31, 1321
List the prime factors of 1679057.
1679057
What are the prime factors of 2216189?
37, 89, 673
What are the prime factors of 248552?
2, 31069
What are the prime factors of 837815?
5, 11, 15233
List the prime factors of 437929.
29, 15101
What are the prime factors of 361971?
3, 37, 1087
List the prime factors of 1128363.
3, 43, 8747
List the prime factors of 1735791.
3, 578597
What are the prime factors of 550358?
2, 17, 16187
What are the prime factors of 704297?
11, 43, 1489
What are the prime factors of 276676?
2, 263
List the prime factors of 9848202.
2, 3, 7, 13, 17, 1061
List the prime factors of 2838762.
2, 3, 17, 9277
What are the prime factors of 183404?
2, 13, 3527
List the prime factors of 2539617.
3, 29, 29191
What are the prime factors of 1671075?
3, 5, 7, 1061
List the prime f